6 a factor of 1002?
False
Is 15 a factor of 2314?
False
Does 72 divide 31752?
True
Is 4211 a multiple of 34?
False
Is 20 a factor of 40048?
False
Is 115 a multiple of 5?
True
Is 28954 a multiple of 31?
True
Is 62 a multiple of 41?
False
Does 17 divide 6154?
True
Does 102 divide 65790?
True
Is 423 a multiple of 12?
False
Does 274 divide 28770?
True
Is 4 a factor of 49?
False
Does 7 divide 515?
False
Is 21 a factor of 12201?
True
Is 10 a factor of 18?
False
Does 32 divide 8926?
False
Is 20946 a multiple of 45?
False
Does 49 divide 8656?
False
Is 2492 a multiple of 5?
False
Is 17 a factor of 829?
False
Is 9501 a multiple of 15?
False
Is 15611 a multiple of 28?
False
Does 56 divide 1144?
False
Is 22771 a multiple of 81?
False
Does 67 divide 893?
False
Is 48 a factor of 34133?
False
Is 7 a factor of 1071?
True
Is 69 a factor of 16785?
False
Does 24 divide 8775?
False
Is 2 a factor of 433?
False
Is 1311 a multiple of 23?
True
Is 5 a factor of 9968?
False
Is 729 a multiple of 45?
False
Is 11 a factor of 488?
False
Is 36 a factor of 1980?
True
Is 148 a factor of 16576?
True
Is 21680 a multiple of 66?
False
Does 13 divide 1625?
True
Is 68 a factor of 612?
True
Is 58 a factor of 2726?
True
Does 287 divide 72295?
False
Is 432 a multiple of 36?
True
Is 24 a factor of 748?
False
Is 18 a factor of 8316?
True
Is 17 a factor of 4651?
False
Does 12 divide 63187?
False
Is 8 a factor of 14668?
False
Is 235 a factor of 22795?
True
Is 14 a factor of 3021?
False
Is 7 a factor of 173?
False
Is 2445 a multiple of 18?
False
Is 3 a factor of 1143?
True
Does 40 divide 314?
False
Is 52644 a multiple of 246?
True
Is 138 a multiple of 6?
True
Does 86 divide 1631?
False
Does 3 divide 2633?
False
Is 950 a multiple of 10?
True
Is 63 a multiple of 9?
True
Does 14 divide 2056?
False
Is 10038 a multiple of 21?
True
Is 20 a factor of 540?
True
Is 43 a factor of 5590?
True
Is 15 a factor of 23745?
True
Is 10700 a multiple of 16?
False
Is 288 a multiple of 48?
True
Is 10 a factor of 1297?
False
Does 38 divide 40508?
True
Is 6544 a multiple of 16?
True
Does 15 divide 225?
True
Does 4 divide 2284?
True
Is 18 a factor of 33340?
False
Is 680 a multiple of 8?
True
Does 202 divide 7615?
False
Is 1019 a multiple of 12?
False
Is 491 a multiple of 5?
False
Does 88 divide 440?
True
Is 3681 a multiple of 16?
False
Does 8 divide 976?
True
Is 214 a multiple of 107?
True
Does 9 divide 19071?
True
Is 493 even?
False
Is 938 a multiple of 7?
True
Does 48 divide 960?
True
Is 1351 a multiple of 12?
False
Is 33 a factor of 119647?
False
Does 16 divide 9288?
False
Does 15 divide 10400?
False
Is 4 a factor of 31736?
True
Is 5 a factor of 8516?
False
Is 14093 a multiple of 24?
False
Does 23 divide 432?
False
Does 12 divide 1548?
True
Is 8 a factor of 304?
True
Does 20 divide 130180?
True
Is 14410 a multiple of 44?
False
Does 29 divide 87?
True
Is 22527 a multiple of 9?
True
Is 810 a multiple of 10?
True
Is 14 a factor of 532?
True
Does 38 divide 3636?
False
Does 221 divide 1091?
False
Does 2 divide 814?
True
Is 868 a multiple of 6?
False
Does 26 divide 17940?
True
Does 32 divide 1152?
True
Is 16 a factor of 5984?
True
Is 43 a factor of 7439?
True
Is 26421 a multiple of 31?
False
Does 101 divide 919?
False
Does 64 divide 960?
True
Does 71 divide 5893?
True
Is 652 a multiple of 28?
False
Is 59 a factor of 5369?
True
Does 6 divide 219?
False
Is 28 a factor of 6883?
False
Is 787 a multiple of 7?
False
Does 126 divide 1890?
True
Is 18011 a multiple of 7?
True
Is 47 a factor of 33637?
False
Does 93 divide 53103?
True
Is 4017 a multiple of 15?
False
Is 5 a factor of 13?
False
Is 2157 a multiple of 11?
False
Is 71 a factor of 31808?
True
Does 4 divide 215?
False
Is 272 a multiple of 17?
True
Is 3008 a multiple of 30?
False
Does 157 divide 7869?
False
Is 19 a factor of 722?
True
Is 148785 a multiple of 10?
False
Does 16 divide 6176?
True
Does 7 divide 1405?
False
Does 82 divide 14514?
True
Does 13 divide 33728?
False
Does 49 divide 441?
True
Is 55 a factor of 7005?
False
Is 4185 a multiple of 45?
True
Does 7 divide 924?
True
Is 721 a multiple of 8?
False
Is 112 a factor of 402?
False
Is 50968 a multiple of 190?
False
Is 12 a factor of 20424?
True
Does 77 divide 10164?
True
Is 3 a factor of 63?
True
Is 34 a factor of 9092?
False
Does 22 divide 1936?
True
Does 32 divide 5728?
True
Is 11 a factor of 1444?
False
Is 5904 a multiple of 16?
True
Is 1565 a multiple of 23?
False
Is 16867 a multiple of 101?
True
Is 8158 a multiple of 15?
False
Is 408 a multiple of 6?
True
Does 145 divide 9425?
True
Does 9 divide 6064?
False
Is 13 a factor of 364?
True
Is 24 a factor of 888?
True
Does 39 divide 77?
False
Is 34 a factor of 3335?
False
Is 7 a factor of 856?
False
Is 36 a factor of 828?
True
Is 53 a factor of 1431?
True
Is 3390 a multiple of 29?
False
Is 100140 a multiple of 12?
True
Is 25 a factor of 1895?
False
Is 1452 a multiple of 44?
True
Is 117 a factor of 8198?
False
Is 1031 a multiple of 96?
False
Does 19 divide 7758?
False
Is 78 a factor of 28392?
True
Does 7 divide 23931?
False
Is 6 a factor of 180?
True
Is 10 a factor of 20?
True
Does 6 divide 159?
False
Does 158 divide 11850?
True
Does 29 divide 9802?
True
Is 2728 a multiple of 22?
True
Is 19 a factor of 697?
False
Does 15 divide 9110?
False
Does 18 divide 3294?
True
Is 1287 a multiple of 7?
False
Is 950 a multiple of 10?
True
Is 19 a factor of 2204?
True
Is 12784 a multiple of 17?
True
Does 8 divide 15048?
True
Is 28 a factor of 448?
True
Is 6042 a multiple of 38?
True
Does 14 divide 40166?
True
Is 36 a multiple of 6?
True
Is 974 a multiple of 25?
False
Does 20 divide 115938?
False
Is 5440 a multiple of 170?
True
Is 54083 a multiple of 183?
False
Is 179 even?
False
Does 6 divide 14737?
False
Is 43 a factor of 1111?
False
Is 21 a factor of 2994?
False
Does 9 divide 225?
True
Is 8 a factor of 5304?
True
Is 87 a factor of 17400?
True
Is 1188 a multiple of 22?
True
Does 8 divide 895?
False
Is 4704 a multiple of 49?
True
Does 185 divide 42550?
True
Is 906 a multiple of 43?
False
Is 20 a factor of 77629?
False
Is 28 a multiple of 3?
False
Does 45 divide 9951?
False
Is 22 a factor of 396?
True
Does 21 divide 289?
False
Does 3 divide 400?
False
Is 10 a factor of 890?
True
Is 495 a multiple of 35?
False
Is 3476 a multiple of 44?
True
Is 52 even?
True
Is 25 a factor of 3575?
True
Is 7434 a multiple of 9?
True
Is 16 a factor of 3408?
True
Is 115 a factor of 20470?
True
Is 21504 a multiple of 168?
True
Is 13 a factor of 13494?
True
Does 102 divide 32855?
False
Does 25 divide 1797?
False
Is 11712 a multiple of 32?
True
Is 30 a factor of 2130?
True
Is 18 a factor of 9594?
True
Does 23 divide 4439?
True
Is 35856 a multiple of 216?
True
Is 46 a factor of 1582?
False
Is 3498 a multiple of 53?
True
Does 28 divide 612?
False
Is 7 a factor of 2956?
False
Does 93 divide 3319?
False
Does 28 divide 26796?
True
Does 39 divide 858?
True
Is 23504 a multiple of 177?
False
Is 25388 a multiple of 11?
True
Is 5788 a multiple of 31?
False
Does 39 divide 624?
True
Does 6 divide 39395?
False
Does 8 divide 4147?
False
Does 22 divide 41074?
True
Is 20 a factor of 2170?
False
Is 8 a factor of 2740?
False
Is 35 a factor of 35563?
False
Is 11490 a multiple of 39?
False
Is 3 a factor of 494?
False
Is 16 a factor of 64?
True
Is 704 a multiple of 44?
True
Is 38 a factor of 18480?
False
Is 9 a factor of 92?
False
Does 17 divide 7463?
True
Does 37 divide 3242?
False
Is 16 a factor of 18816?
True
Is 31542 a multiple of 53?
False
Does 64 divide 960?
True
Does 4 divide 259?
False
Does 7 divide 1008?
True
Is 464 a multiple of 29?
True
Is 75 a factor of 44914?
False
Is 57 a factor of 9006?
True
Is 34 a factor of 23256?
True
Does 23 divide 529?
True
Is 71 a factor of 1469?
False
Is 35 a factor of 4130?
True
Is 30456 a multiple of 27?
True
Is 1976 a multiple of 8?
True
Is 13 a factor of 549?
False
Is 411 a factor of 50403?
False
Does 12 divide 1164?
True
Is 13 a factor of 2137?
False
Is 110 even?
True
Is 11999 a multiple of 11?
False
Does 13 divide 16562?
True
Does 13 divide 4052?
False
Is 810 a multiple of 18?
True
Is 3 a factor of 13671?
True
Does 16 divide 1552?
True
Is 14 a factor of 8946?
True
Is 51495 a multiple of 9?
False
Does 14 divide 1573?
False
Does 27 divide 16906?
False
Is 6820 a multiple of 4?